 = -n + 4*g, -5*n = 4*g - 28. Calculate the greatest common divisor of n and 388.
4
Let z be 3/(-6) + 3/6. Suppose 6*o - 2*o - 4*m + 24 = z, 5*m = -3*o + 14. Let i be (2 + o)/1 - -45. Calculate the greatest common divisor of 9 and i.
9
Suppose 5*b - 4*p = 2895, -4*b + 2352 = 5*p - p. Calculate the highest common divisor of 22 and b.
11
Suppose -24*c + 19*c + 2010 = -2*g, -c + 390 = 2*g. What is the greatest common divisor of 32 and c?
16
Let a(y) = y**2 - 29*y + 592. Let h be a(0). What is the highest common divisor of 32 and h?
16
Let u(j) be the first derivative of j**4/4 + 8*j**3 - 28*j**2 - 34*j - 48. Let i be u(-26). What is the greatest common factor of i and 14?
14
Let k(p) = p**3 + 8*p**2 - 9*p + 8. Let s = -34 - -25. Let f be k(s). Suppose -28 = -2*c - 5*m, -m + f = m. What is the highest common divisor of 12 and c?
4
Suppose 19*r - 531 = -94. Suppose y - 2*x - 151 = -4*x, -2*x = 4*y - 634. Calculate the highest common divisor of r and y.
23
Suppose 4*x + 16 = 0, -5*g + 2*x = -19 + 1. Suppose -g*l + l = o - 17, 29 = o + 5*l. Let f = 23 - o. What is the highest common divisor of f and 9?
9
Let u be (54/(-135))/((-2)/(-5)). Let y(m) = -m. Let i be y(2). Let j be i + u - (-387)/9. What is the highest common divisor of 8 and j?
8
Suppose -s + u + 17 = 0, -s + 3*s + 3*u = 19. Let a(v) = 4*v - 66. Let d be a(55). What is the greatest common factor of s and d?
14
Suppose m = 5*m - 16, 5*m - 2 = v. Calculate the highest common divisor of 18 and v.
18
Suppose -16*q - 80 = -24*q. What is the greatest common factor of q and 590?
10
Let w(b) = -6*b - 16. Let h be w(-6). Suppose 0*m + 2*m - h = 0. What is the highest common divisor of 20 and m?
10
Suppose 3*g - 8 = 52. Let o be 196/g - 12/15. Calculate the highest common divisor of 6 and o.
3
Suppose 232 = 15*f - 2168. Calculate the highest common factor of f and 1840.
80
Suppose -9*i = -22*i + 52. Calculate the highest common factor of i and 11.
1
Suppose 36*q = -21*q + 1140. What is the greatest common factor of q and 1480?
20
Let j(c) = -12*c - 16 - c + 5*c + 5*c. Let a be j(-14). Suppose 0 = 2*u - 23 - 55. Calculate the highest common divisor of a and u.
13
Let j(l) = -112*l + 18. Let q be j(-6). Calculate the highest common factor of q and 69.
69
Suppose 213 = 4*p + x, 13 + 32 = p + 3*x. Let h = p - -93. What is the highest common divisor of h and 21?
21
Let v(k) = -k + 6. Let d(i) = -2*i - 8. Let z(t) = t - 1. Let f be z(-3). Let j be d(f). Let s be v(j). Calculate the highest common factor of s and 30.
6
Let i = 264 + -186. Let w = i - -147. Calculate the highest common divisor of w and 25.
25
Suppose 3*z - i + 2*i - 23 = 0, 5*i - 25 = 0. Let t = z + 10. What is the greatest common factor of t and 4?
4
Let l(w) = -w**2 - 7*w - 3. Let m be l(-9). Let q be (-3)/(-21) - (228/m + 3). What is the highest common divisor of 8 and q?
8
Let g = -31 - -33. Suppose -3 = -g*r + 3. Suppose -r*z - 45 = -8*z. Calculate the greatest common factor of 99 and z.
9
Let i = -8 - -141. What is the highest common factor of 171 and i?
19
Suppose -3*l + 29 = 5*u, 3*u + 10 - 31 = -3*l. Suppose -4*i = 5*k - 0*i - 88, -l*k + 42 = -3*i. What is the greatest common factor of k and 2?
2
Let c be (86/(-2) + -3)*(-21)/6. Calculate the greatest common divisor of 7 and c.
7
Suppose -10*v + o = -7*v - 505, -501 = -3*v + 3*o. Calculate the highest common factor of v and 13.
13
Let k(p) = 9*p**2 + 1. Let w be k(-1). Let l be 4/w - (-53)/5. Let t = l - 2. What is the greatest common factor of 1 and t?
1
Let t(r) = r**3 + 9*r**2 - 12*r - 8. Let s be t(-10). Suppose 4*u - s - 16 = 0. Suppose u = 4*k - 9. What is the highest common factor of 6 and k?
2
Let m = 45 + -24. Let k = 15811 + -15808. What is the highest common divisor of m and k?
3
Suppose 5*h + 1875 = 10*h. Calculate the highest common factor of h and 75.
75
Suppose 5*p - 6 - 9 = 4*c, 0 = p - 5*c - 3. Suppose p*s - 19 - 14 = 0. What is the greatest common divisor of s and 143?
11
Let d(c) = 67*c + 159. Let v be d(-2). What is the highest common factor of 20 and v?
5
Let b be 9*-1*3/(-9). Let q(z) = -2*z - 2. Let k be q(-2). Suppose -2*s = -2*j - s + 7, -5 = -j + k*s. Calculate the greatest common divisor of b and j.
3
Let l(y) = y**3 + 7*y**2 + 4*y + 8. Let w be l(-6). Let z be ((-96)/(-5))/(6/w). Let i = -24 - -40. Calculate the greatest common factor of i and z.
16
Suppose 20*o - 412 = -52. Calculate the highest common factor of 243 and o.
9
Let m(k) = -2*k**3 - 2*k**2 + k - 2. Let x be m(-2). Let o = 26 + -30. Let f be 7/((o/(-3))/x). Calculate the highest common divisor of f and 147.
21
Suppose -3*m = 4*c - 21, 8*c - 3*c - 3 = 4*m. Suppose -c*j + 5 = g, 5*j - 4*g - 35 = g. Let o = 0 + j. What is the greatest common divisor of o and 9?
3
Suppose -66 = 35*v - 41*v. Let o = 47 + 30. Calculate the highest common divisor of v and o.
11
Let k(n) = -3*n - 10. Let w be k(-5). Suppose w*z - 33 = 2*z. Calculate the greatest common factor of z and 55.
11
Let p be (846/(-78) + 12/(-78))/(-1). Let f(m) be the second derivative of 7*m**3/6 + m**2/2 - m. Let z be f(3). What is the greatest common divisor of p and z?
11
Suppose -s = -0*s - 4*p - 2485, -5*s + 12425 = 2*p. What is the greatest common factor of s and 71?
71
Let r be -2 + (7 - -90) + -1. Calculate the greatest common divisor of 752 and r.
94
Suppose y + 5*v - 99 = 0, 19*y - 16*y - 278 = 4*v. What is the highest common factor of y and 799?
47
Let j = 28 + -25. Let g be ((-18)/(-12))/(j/8). Suppose -g*u = -3*u - 35. Calculate the greatest common divisor of 7 and u.
7
Suppose 4*u = -3*f + 1313, 5*f - 4*u - 1238 = 929. Calculate the greatest common divisor of f and 15.
15
Suppose 3*l = -3 - 9. Let b be 1 + (l + 12)*1. Calculate the highest common divisor of b and 27.
9
Let r(x) = x**2 + x. Let z(c) = -67*c**3 - 2*c**2 - 2*c + 1. Let l(q) = -2*r(q) - z(q). Let i be l(1). Calculate the greatest common divisor of 165 and i.
33
Let i = 610 + -121. Let v = 786 - i. What is the greatest common factor of 27 and v?
27
Let o = -106 - -109. Let c = -104 + 110. Calculate the highest common factor of o and c.
3
Let m(u) = -5*u - 6. Let o be m(-2). Suppose -h + 0*h + 3*p = -36, 2*h - 42 = -o*p. What is the greatest common divisor of 3 and h?
3
Let d be ((-16)/5 + 2)/((-15)/975). What is the highest common factor of 702 and d?
78
Let v be -2 + 30/5 + 2/2. Let u be 112/v - 15/(-25). What is the greatest common divisor of 92 and u?
23
Let g(k) = -46*k**3 + 3*k**2 - 2*k + 9. Let o be g(-4). What is the highest common factor of 17 and o?
17
Let b = 61 - 39. Let y be 2/11 + (-4)/22. Suppose -b = -d - y. What is the greatest common factor of d and 110?
22
Let p(c) = -c**3 + c**2 - 2*c - 2. Let z = -8 + 5. Let d be p(z). Let q be (-9)/12 + ((-138)/(-24) - 0). Calculate the highest common factor of q and d.
5
Suppose -3*i = -y - 1, 7*i = -2*y + 6*i + 5. What is the greatest common divisor of y and 54?
2
Let m = -327 + 1398. Calculate the greatest common factor of m and 63.
63
Let h be (-5 - -3)/(-1 + 17/18). Suppose 4*f = 8*f - h. What is the highest common factor of f and 18?
9
Let d(c) = 13*c + 3. Let u be d(3). Suppose -y = 5*y - u. What is the highest common factor of 1 and y?
1
Suppose -5*l + 85 = -0*l - 2*p, l + 5*p - 44 = 0. What is the greatest common factor of l and 38?
19
Suppose -5*c + 62 - 9 = u, 3*u - 4*c - 64 = 0. Calculate the highest common factor of u and 77.
7
Let t(q) = -63*q**2 - 4*q + 2. Let g be t(1). Let i = g + 81. Let s be (4 + 0)/(0 + 1). Calculate the greatest common factor of s and i.
4
Let c = -45 + 75. Let v be c/(-40)*(-1 + -3). Suppose 0 = -2*h + i + 6, -v*h - 4*i - i + 9 = 0. What is the highest common factor of h and 21?
3
Let d = 101 + -101. Suppose d = -5*m - 3*l + l + 1161, l = -m + 234. Calculate the highest common factor of m and 21.
21
Let u = -95 - -302. Calculate the greatest common divisor of 9 and u.
9
Let i(o) = -44*o + 60. Let j be i(1). Let r be 49 - 1*1/1. Let v be (-1 + 0)/((-3)/r). Calculate the highest common divisor of v and j.
16
Suppose -6*y + 5*y = 0. Suppose y*j - 2 = -5*h - 4*j, -4*h - 4*j = 0. Suppose 3*i - 40 = h*i. What is the highest common divisor of i and 20?
20
Suppose -2 = 4*v - 10. Suppose -v*g + 21 = 2*c + 3*c, c - 5*g - 15 = 0. Suppose -c*j + 31 = -54. What is the highest c